he hundreds digit of h?
0
Suppose 52 - 28 = -4*v. What is the units digit of -1 - -4*(-2 - v)?
5
Let i(u) be the second derivative of u**3/6 - 2*u**2 - u. Let w be i(2). What is the units digit of (-8)/(3/9*w)?
2
Let g = 713 - 471. What is the units digit of g?
2
Suppose 2*x + z - 14 = 0, -4*x + 26 = -0*x + z. Suppose 6 = -x*w + 8*w. Suppose -w*s = s - 108. What is the units digit of s?
7
Let h = -103 - -105. Suppose -97 = -5*x - h. What is the tens digit of x?
1
Suppose 3958 = 20*q + 198. What is the tens digit of q?
8
Let l(a) = -2*a**3 + 17*a**2 - 8*a + 11. Let x be l(8). Suppose x*y + 136 = 12*y. What is the tens digit of y?
3
Suppose x - 15 = -5*z, 0 = 2*x - 3*x - 4*z + 12. Suppose 2*c + g + 1 = x, 0 = -2*c + g + 1 + 8. Suppose c*k - 36 = -0*k. What is the units digit of k?
8
Suppose -4*i = x + 3*x + 1376, 0 = x + 2*i + 341. Let l = -197 - x. What is the units digit of l?
0
Let j(g) = 3*g + 1. Let r be j(-5). Let w = r - -40. What is the tens digit of w?
2
Let r(k) = -4*k + 86. Let a be r(23). What is the units digit of a/14 + (-689)/(-7)?
8
Let j = -2028 + 3012. What is the tens digit of j?
8
What is the units digit of 16239/36 + (-3)/36?
1
What is the tens digit of ((-8)/(-12) - (-370)/120)*984?
9
Let t = 584 - -1954. What is the units digit of t?
8
Let p(q) = -6 + 8*q - 6*q - 5*q - 1. What is the tens digit of p(-12)?
2
Suppose -3*o + 3*c + 12 = -0*c, -4*o - 8 = 2*c. Suppose 3*w + 2*k + 22 = o, 0*k + 25 = -5*k. Let p(s) = -5*s + 5. What is the tens digit of p(w)?
2
Let g be (14 + 442)*(-4)/3. Let m be (-4)/6 - g/48. Let j(y) = y**2 - 11*y - 11. What is the units digit of j(m)?
1
Let y be 48/32 - (31/(-2))/(-1). Let x = y + 127. What is the tens digit of x?
1
Suppose -3*p = -5*p + 4. Let s be (-3712)/(-48)*3/p. What is the tens digit of s/2 + -4 + 1?
5
Suppose 0 = -5*v + 3*v - 130. Let i = -20 - v. What is the tens digit of i?
4
Let a(r) = -37*r + 16. What is the hundreds digit of a(-4)?
1
Let q = -5515 + 7918. What is the hundreds digit of q?
4
Suppose -2*p = 4*k + p - 265, -5*k + 323 = p. Suppose 5*b + k = y + 3*y, -b - 59 = -5*y. What is the tens digit of y?
1
Let s(p) = -396*p - 457. What is the units digit of s(-3)?
1
Let q = -99 + 252. What is the units digit of q?
3
What is the hundreds digit of (35/20)/((-4)/(-2144))?
9
Suppose 15 = 5*y - 5*c, 4*y - 4*c + 3*c - 15 = 0. Suppose -g - 3*d - 2 = -1, 4*g + d + y = 0. What is the tens digit of (-52)/g + 2 + -5?
4
Suppose -11 - 5 = -g. Let z = g - 20. Let y = z - -7. What is the units digit of y?
3
Let n be (-4)/3*(-33)/2. Let l = -7 + n. Let s = l - 12. What is the units digit of s?
3
Let t = -7008 + 10455. What is the thousands digit of t?
3
Suppose 3*z + 2*z - 40 = 0. Let n be 2*-2*(-20)/z. Let v = 37 - n. What is the units digit of v?
7
Let i = 1 - -7. Suppose -3*m - 5*n + 23 = 0, -1 = m + 2*n - i. What is the tens digit of m?
1
Let p(l) = 46*l**2 + 64*l - 5. What is the hundreds digit of p(4)?
9
Suppose 3*f = -4*c - 29, -f - 2*c - 42 = 3*f. Let y = -9 - f. Suppose -y*t = -h - 66, 28 = t - 0*t - 3*h. What is the tens digit of t?
3
Let i = 124 + 91. Suppose 4*b - i = -3. What is the tens digit of b?
5
Suppose 13*o = 12*o. Suppose -7*a + 2*a + 30 = o. What is the units digit of a?
6
Let t = 17 - 66. Let b = t + 72. What is the units digit of b?
3
Let j = -1154 + 2154. What is the hundreds digit of j?
0
Let g(d) = 91*d**2 + 7*d + 32. What is the thousands digit of g(-4)?
1
Let d(x) = x**3 - x + 2. Let b be d(0). Suppose -4*t - q = -311, 2*t + 314 = 6*t - b*q. What is the units digit of t?
8
Suppose 3*t = 5*g + 2291, -3*t - 2*t + g + 3855 = 0. What is the units digit of t?
2
Let z(c) = -3*c**3 - 7*c**2 - 3*c + 23. What is the tens digit of z(-4)?
1
Suppose 4*x + 3*f + 24 = 0, 3*x + 0*x - 4*f + 18 = 0. What is the tens digit of (0 + 114/4)/(x/(-12))?
5
Suppose 0 = -b + 3*c + 1, 2*c + 1 = 2*b + 19. Let q = b + 21. Let x = q + 9. What is the units digit of x?
6
Suppose -8*d = 9805 - 45317. What is the hundreds digit of d?
4
Suppose 65*v = 3168 + 2422. What is the tens digit of v?
8
Let b(s) = -s**3 - 25*s**2 + 67*s - 25. What is the units digit of b(-28)?
1
Let l = 1128 + -588. What is the units digit of l?
0
Let u = -56 - -30. Let c = u + 15. Let a = 31 + c. What is the units digit of a?
0
Suppose 3*g = 5*g - 8. Suppose w + 16 = 3*y, 3 - 7 = 3*y + g*w. What is the units digit of y?
4
Suppose 0 = 5*j - 3*j - 38. Let x be (-6)/21 - j/7. Let f(v) = v**3 + 4*v**2 + 2*v - 2. What is the units digit of f(x)?
1
Let b(h) = 5*h**3 + 20*h**2 - h - 8. Let t be b(-4). Let v(a) = -3*a**3 + 2*a - 4*a - 2 + 2*a**3 - a**2. What is the tens digit of v(t)?
5
Let i(j) = 142*j - 41. Let r be i(-4). Let x = -425 - r. What is the tens digit of x?
8
Let k(m) = m - 3. Let u be k(6). Suppose 3*v + 4*b - 31 - u = 0, 5*b - 44 = -4*v. Let c = 16 - v. What is the tens digit of c?
1
Suppose 15*y = 12*y. Suppose -191 - 39 = -2*m - d, -4*m + 3*d + 470 = y. What is the tens digit of (m/(-6))/(20/(-30))?
2
Let w be 12/9 - 70/(-6). Suppose -w*o + 1433 = -62. What is the units digit of o?
5
Let u(a) = -a**2 + 3 + 3*a + 0*a**2 + 5 + 0*a. Let l be u(4). Let o(t) = 6*t + 2. What is the tens digit of o(l)?
2
Suppose -4*i - 5*x = -i + 265, -4*i - 2*x = 330. Let b be ((-5)/(-4))/((-10)/i). Suppose 3*n - b = 92. What is the tens digit of n?
3
What is the hundreds digit of 21*-1*(-3560)/120?
6
Let x = 65 - 49. Suppose d - x = -3. What is the units digit of d?
3
Let n be (-12)/54 + 148/18. Suppose -n*v - 12 = -5*v. Let d = 9 - v. What is the tens digit of d?
1
Let k(f) = -2. Let s(d) = -1. Let m(q) = -4*k(q) + 5*s(q). Let g(v) = v - 4. Let w(n) = 4*g(n) + 5*m(n). What is the tens digit of w(3)?
1
Suppose -7 + 2 = -5*s. Suppose 4*n = 4*q - 28, 21 = -4*n + s. What is the units digit of q/(-4) - (-124)/8?
5
Suppose -1 = 4*t - 13. Suppose -m - 4 = j - 2, t*j + 5*m = -14. Suppose -5*q - 5 = -5*d, 0 = 5*q + 3*d + j*d - 25. What is the units digit of q?
2
Let a(c) = 2*c + 4. Let o be a(-4). Let y be 26/6 + o/(-6). Suppose 3 = y*z - 92. What is the tens digit of z?
1
Suppose 10494 = 4*m - 5*p, 5*m - 13101 = 9*p - 11*p. What is the thousands digit of m?
2
Suppose -6217 = -3*c + 5*f - 2139, -3*f + 5418 = 4*c. What is the units digit of c?
6
Suppose -3*u - 113856 = -51*u. What is the units digit of u?
2
Let s(v) = -2*v**3 - 9*v**2 + 5*v + 2. Let w be s(-5). Suppose -2*o - w*p = 3*o - 316, 0 = 4*p + 8. What is the units digit of o?
4
Suppose -4*i + 4 = -4. What is the units digit of -1 + i - 290/(-5)?
9
Let m = -10 - -14. Let d be 1/(3 - 10/m). What is the tens digit of (0 + d + -9)*-5?
3
Let g = 1526 + -871. What is the hundreds digit of g?
6
Suppose 1578 = 149*h - 143*h. What is the tens digit of h?
6
Let s(x) = -9*x + 1. Let u be s(7). What is the tens digit of 20 - u - 2/2?
8
What is the tens digit of (-3220)/(-6) - (-19)/57?
3
Let j be 2 - (1 + -1 - 0). Suppose 3*k = -j*x + 242, 2*x - 7*x + 5*k + 605 = 0. Suppose 19 + x = 5*v. What is the tens digit of v?
2
Let w = -1594 + 3771. What is the units digit of w?
7
Let s(m) = 3*m**3 - m + 3. Let k be s(3). Let z(w) = 2*w**2 + 49*w + 247. Let l be z(-8). Let v = k + l. What is the tens digit of v?
6
Suppose z - 4 = 4*v, 4*z - v - 23 = -7. Suppose -23 = -2*h - 5*p, -5*h + 3*p + z = -7. Suppose h*m + 6 = 14. What is the units digit of m?
2
Let y = -10 + 14. Let u be (y - 0)*(3 - 2). Suppose -5*g - u*t = -343, -g + 5*t + 57 = -0*g. What is the units digit of g?
7
Suppose 17*p = 16*p. Let y be (3 - p)/(12/608). Let k = -88 + y. What is the units digit of k?
4
Let l be 3 + 0/4*(2 + -1). Suppose 5*m + l*n - 56 = 999, -857 = -4*m - 5*n. What is the units digit of m?
8
Let p = 2206 - 544. What is the thousands digit of p?
1
Let v = 144 - 217. What is the units digit of -2*1*v/2?
3
Let b = -58 + 83. Let m be (-4)/(-26) + 72/39. Suppose 2*g + m*g - p = 91, p + b = g. What is the units digit of g?
2
Let n = -404 + 1261. What is the tens digit of n?
5
Suppose -9*c + 5255 + 8947 = 0. What is the hundreds digit of c?
5
Suppose 2*i - 26 = 2*t, -2*t - 44 = -5*i + i. Let l = -2 + i. What is the units digit of l*4/(-8)*-10?
5
Let c = -336 + 636. What is the tens digit of c?
0
Suppose 33*d = 17*d + 23232. What is the thousands digit of d?
1
Let p be 2/(((-21)/486)/(-7)). Suppose -p = -4*z + 5*n, -3*z - n + 2